 r*z - f. Calculate the highest common factor of 10 and z.
5
Let l = -34 + 40. Calculate the greatest common factor of 42 and l.
6
Let n = 14 + 2. Let y be 6/33 + 876/22. What is the highest common divisor of n and y?
8
Let k = 10 + 2. Calculate the highest common divisor of k and 4.
4
Let y = -54 + 51. Let f be (-1)/((-1)/11 - 0). Let t = f - y. What is the greatest common factor of 14 and t?
14
Let a(d) = d**2 - d - 14. Let b be a(6). Calculate the highest common factor of b and 176.
16
Let s(n) = n**2 - 4*n. Let p be s(6). Let b be ((-10)/(-4))/(2/4). Suppose -241 - 59 = -b*x. Calculate the highest common divisor of x and p.
12
Let a(h) = -34*h + 9. Let v be a(-4). Suppose 5*w = -25 + v. Calculate the highest common divisor of w and 12.
12
Let x = 52 + 284. What is the highest common factor of 48 and x?
48
Suppose 3*a - 32 - 1057 = -3*z, -z = 0. What is the greatest common factor of a and 33?
33
Suppose 0*b - 18 = -n - 3*b, -3*b = -3*n - 6. Calculate the greatest common divisor of 21 and n.
3
Let c(f) = -2*f - 11*f**2 + 8 + f**3 + 11*f + 6. Let x be c(10). Calculate the greatest common divisor of 32 and x.
4
Let f be 8/12 - ((-13)/3 - 3). Calculate the highest common factor of 16 and f.
8
Let z(t) = 19*t**2 - 1. Let x(w) = 76*w**2 - 5. Let j(p) = -2*x(p) + 9*z(p). Let m be j(1). Calculate the greatest common divisor of 10 and m.
10
Suppose -h + 4*f - 98 = -2*h, -2*f + 254 = 3*h. Let y = 138 - h. Let b be ((-16)/(-12))/(7/((-588)/(-8))). What is the highest common divisor of b and y?
14
Suppose 0 = -5*o - 4 - 26. Let c = o + 7. Let k = -9 - -13. Calculate the highest common factor of c and k.
1
Suppose 4 = -a + 3. Let f = -4 - a. Let n(l) = 3*l**2 + l - 3. Let v be n(f). What is the greatest common factor of v and 7?
7
Let c = -2 - -66. What is the highest common factor of c and 8?
8
Let x be (28/(-6) + 1)*-3. Suppose 0 = -4*b + 3*n + 38 + x, -5*b + 56 = -2*n. Calculate the highest common divisor of b and 30.
10
Let v = -15 - -21. Suppose 2*y - 2 = -2*d - 2*d, 2*y = -v. What is the highest common factor of 8 and d?
2
Let q(m) be the third derivative of 0*m - 1/12*m**4 - m**2 + 0*m**3 + 0. Let v be q(-6). What is the highest common divisor of v and 12?
12
Let c = 103 + -83. What is the highest common divisor of c and 10?
10
Let m = -3 + 4. Suppose -m = -2*x + x. Calculate the highest common divisor of 4 and x.
1
Let b be (-7 + 1)*(-11)/3. Suppose -b = -3*n + 20. Suppose 90 = 5*i - 4*v, -i - 2*v - 24 = -2*i. What is the greatest common divisor of n and i?
14
Suppose 4*v = v. Suppose -f + 0*f + 2 = v, l + 3*f - 61 = 0. Calculate the greatest common divisor of l and 5.
5
Let q be (-1)/(2/(-6)) + 11. Suppose 3*i - 187 - 191 = 0. What is the greatest common factor of q and i?
14
Let r(x) = -x**2 + 14*x - 8. Let t be r(12). Calculate the greatest common divisor of 2 and t.
2
Let g(r) = r**2 - 16*r + 37. Let l be g(12). Let j(o) = -12*o + 0*o**2 + 0*o**2 - 7 - o**2. Let v be j(l). Calculate the greatest common divisor of v and 28.
4
Suppose 8 = -2*r - 0. Let c be (-42)/r*(-2)/(-1). What is the highest common factor of c and 7?
7
Suppose 0 = -3*n - z + 57, -4*z - 7 = -4*n + 53. What is the highest common divisor of n and 126?
18
Suppose -2*r = -4*r. Let a be (352 - r) + 4/2. Suppose 5*i - 4*h = a, -5*i + 5*h = -436 + 81. Calculate the greatest common factor of 10 and i.
10
Suppose 0 = -3*d + 4*d - 12. Suppose 0 = -n + 5*q + 39 + 18, -4*q + d = 0. Suppose n = -0*l + l. What is the greatest common factor of l and 9?
9
Suppose -4*y + 31 = 11. What is the greatest common factor of 45 and y?
5
Suppose 3*r - 2 - 1 = 0. Suppose 10*f + 15 = 15*f. Suppose f*c - 26 = 1. What is the highest common factor of r and c?
1
Let d = -3 + -3. Let u = 10 + d. Suppose f - 19 = u*g, -3*g = 2*f + 4 + 2. Calculate the highest common divisor of 24 and f.
3
Suppose k = 2*k. Let g be 1 + k + -2 + 15. What is the greatest common divisor of g and 28?
14
Suppose 0*n - 4*n + 4 = 0. Let j be (-21)/(-7) - 1*-2. Suppose 2*x + 2 = j*l - l, -4*x = -5*l + 1. What is the highest common divisor of x and n?
1
Let p = 4 + 1. Suppose 5*o = -3*n - 38, -p*n = 5*o + 32 + 38. Let a = n - -33. What is the greatest common factor of a and 51?
17
Suppose -3*o = 2 + 1. Let t be 4 + (16/(-4))/o. Calculate the highest common divisor of t and 64.
8
Suppose 0*a + 5*a - 25 = 5*z, -3*z = 4*a - 13. Suppose -6*o = a*d - o - 57, d - 5*o = 33. What is the highest common divisor of 72 and d?
18
Let j(s) = s**3 + 4*s**2 - 2*s - 6. Let i be j(-4). Calculate the highest common factor of 18 and i.
2
Let z(s) = -s**3 + 2*s. Let i be z(-2). Suppose 5*h = i*b - 14 - 26, -3*b - 51 = 3*h. Let x be (2/(-3))/(1/h). What is the highest common factor of x and 56?
8
Suppose 3*v = 7*v - 8. Suppose 89 = q - 4*j, 0*j = -5*q + v*j + 355. Calculate the greatest common divisor of q and 46.
23
Let p(b) = b**2 + 6*b + 7. Let k be p(-6). Let u be ((-11)/(-3))/(2/42). What is the highest common divisor of k and u?
7
Let l be (-12)/(-14) + (-2)/(-14). Let t(b) = b + 2. Let n be t(5). Let s(p) = p**2 - 8*p + 8. Let u be s(n). Calculate the highest common divisor of u and l.
1
Let w be 6/(-15) - 284/(-10). Let x be 5/(15/6)*w. Calculate the greatest common divisor of 14 and x.
14
Let a = 53 + -39. What is the greatest common factor of a and 112?
14
Let n(v) be the third derivative of -v**6/6 - v**4/24 - v**3/6 - 2*v**2. Let x be n(-1). Calculate the highest common divisor of x and 8.
4
Let o = -40 - -100. Suppose 6*h = h + o. Calculate the greatest common factor of h and 30.
6
Let c = 23 - 2. Let a = -141 - -203. Suppose 4*r + 6 - a = 0. Calculate the highest common factor of c and r.
7
Let l be 21 + 30/(-8) + 6/8. What is the greatest common divisor of l and 18?
18
Suppose 0 + 4 = 2*s. Suppose -2*w + 92 = r, -4*r = -3*w + 111 + 49. Suppose -n + w = s*n. Calculate the greatest common divisor of 8 and n.
8
Let y(v) = v**2 - 17*v + 33. Let n be y(15). What is the greatest common divisor of 60 and n?
3
Suppose 0 = -3*j - 2 + 8. Suppose 1 + 0 = c, 4*i = -j*c + 22. Let g be 5*2/(-4)*-2. Calculate the greatest common divisor of i and g.
5
Suppose 6*z - 23 = -5*y + 3*z, -4 = -4*z. Suppose y*d + 45 = -d. Let s be 5*3/d*-3. Calculate the greatest common divisor of 20 and s.
5
Suppose 0 = w, 4*m + m + 3*w - 5 = 0. Calculate the greatest common divisor of 5 and m.
1
Suppose -5*p + 2*p = -48. Suppose -v + p = 3*v. Calculate the highest common divisor of 4 and v.
4
Let h = -7 + 18. What is the highest common divisor of h and 121?
11
Suppose -3*f = -3*h - 13 - 8, -3*f - 2*h + 6 = 0. What is the greatest common factor of 1 and f?
1
Let y = 50 - 44. Suppose 70 = s + 16. Calculate the highest common factor of s and y.
6
Let j = -39 - -56. What is the greatest common factor of 68 and j?
17
Let i(s) = s + 4. Let p be i(12). Calculate the highest common factor of p and 2.
2
Suppose 5*g + 2 = 32. Calculate the greatest common factor of 3 and g.
3
Let i be 1*-2 + 2 + 14. Let d(o) = -13*o + 237. Let k be d(15). Calculate the highest common divisor of k and i.
14
Let a be 4/(-10) + (-17)/(-5). Suppose -5*f - 63 = -a*p, -5*f = p - 3 + 2. What is the greatest common factor of p and 80?
16
Let i(c) = -19*c - 1. Let f be i(2). Suppose 64 = -2*s + s. Let q = f - s. Calculate the greatest common factor of 5 and q.
5
Let w(a) be the first derivative of -3*a**2/2 - 5*a + 6. Let f be w(-3). What is the highest common factor of 4 and f?
4
Suppose 7*n - 2*n = 110. What is the greatest common factor of 2 and n?
2
Suppose 0 = -4*t + 4, -4*z + 43 = z - 2*t. Let h(g) = g**3 + 2*g**2 - 2*g + 4. Let d be h(-3). Calculate the greatest common divisor of d and z.
1
Let g(o) = 13*o**3 - 2*o**2 + 1. Let l be g(-1). Let x be (1*6)/((-18)/24). Let k = x - l. What is the greatest common factor of 9 and k?
3
Let o = -425 - -623. Suppose -3*l + o = -l. Suppose -5*u = -2*j + 13, -j + 4*j + 5*u - 32 = 0. Calculate the highest common factor of j and l.
9
Let b(w) = -6*w + w**3 + 4*w**3 - 2*w**2 + 1 - 4*w**3. Let y = 23 + -19. Let f be b(y). Calculate the highest common factor of 63 and f.
9
Let y = 58 - 48. Suppose 14 = 3*o + 4*t, -2*t - 4 = -5*o + t. What is the greatest common divisor of y and o?
2
Let j(w) = -w + 32. Let m be j(0). Calculate the greatest common factor of 80 and m.
1